+ 2*d**2. What is p(6)?
9
Let f be ((-205)/123)/(2/6). Suppose i + 0 = -4. Let b(d) = -d**2 - d + 1. Let n(a) = a**3 + 8*a**2 + 3*a + 2. Let w(r) = i*b(r) - n(r). Give w(f).
14
Let m(n) = -20*n + 1. Let o(s) = 11*s - 1. Let v(w) = 3*m(w) + 5*o(w). What is v(-2)?
8
Let t = 41 - 31. Let q(i) = i + 1 + t - 8. Determine q(6).
9
Let f(r) = 1 + 3 - r + 2 + 2*r. Let o be (-17 - 0)*(2 - 3). Let p be 2/(-6) - o/3. Give f(p).
0
Let a(k) = -k**3 - 5*k**2 + 9*k + 12. Suppose 23*t - 90 = 38*t. Determine a(t).
-6
Let b(l) = l**3 + l**2 + 2*l + 1. Let f(o) = 2*o**3 - o**2 + 4*o + 7. Let k(w) = 3*b(w) - f(w). Calculate k(-4).
-12
Let j(t) = -42*t + 15 - 13 + 40*t. Give j(7).
-12
Let h(o) be the third derivative of 0 + 6*o**2 + 0*o - 1/6*o**3 + 1/24*o**4. Let y = -6 - 0. What is h(y)?
-7
Let s(c) = -2*c**2 - c + 4. Suppose -12*p + 23*p - 44 = 0. Determine s(p).
-32
Let j(w) = 3*w**2 + w + 1. Let b = 6 - -5. Suppose -2*f + b = -7. Let o be (-12)/f*(-12)/(-8). Calculate j(o).
11
Suppose l = 4*m - 2*l + 11, -2*l = 4*m + 26. Let o(h) = 0*h**2 + 2*h**2 - 7 + 3*h + 2*h. What is o(m)?
18
Let d(l) = l**3 - 4*l**2 + 3*l + 4. Suppose -5*w - 25 = 0, 11 = -h - 2*h - 4*w. Give d(h).
4
Let f = -10 + 11. Let p(z) = 0 - 6 + 2 + 3*z**2 + 5. Let l be p(f). Let x(j) = -j**2 + 6*j - 6. Determine x(l).
2
Let c = -9 + 9. Let v be c + -1 + 2 + 4. Let l(p) = 8*p**2 - 3*p + 1 - v - 9*p**2. Give l(-3).
-4
Let z be (-15 - 1) + 10 + 5. Let k = -1 + -1. Let w(t) = -t**2 - t - 1. Let b(q) = -8*q**2 - 2*q - 1. Let g(h) = k*w(h) + b(h). Calculate g(z).
-5
Suppose -2*y + 21*b - 16 = 16*b, 5*b - 30 = -5*y. Let g(i) = 3*i**3 - i**2 - 2*i + 1. Determine g(y).
17
Let a(k) = 7*k**2. Let r = -195 + 196. What is a(r)?
7
Let h(z) = -3 + 2*z + 2 + 12. Let j(o) = 2*o**3 + 10*o**2 + 11*o + 4. Let i be j(-4). Calculate h(i).
-5
Suppose 27 = 4*m + 2*o + 3, -m = 2*o - 6. Suppose -8*q + 6 = -m*q. Let b(v) = -4 + 5 - 6*v + q*v - 5. Calculate b(4).
-16
Let u(o) = -4*o**3 - 6*o**2 - 5*o + 0*o**2 + 1 + 3*o**3. Let r(k) = -5*k + 6. Let i be r(2). Calculate u(i).
-11
Let h be (4 + 1/(-1))/((-3)/9). Let x(a) = 3*a + 24. Determine x(h).
-3
Suppose 241*a - 71*a = -1360. Let b(m) = -3*m + 4*m + 0*m. Determine b(a).
-8
Let j(h) = -h**2 + 4*h + 1. Let s = 23 + -31. Let a be s/6*(-9)/2. Give j(a).
-11
Let m = -21 - -11. Let h(t) = -t - 7. Let u be h(m). Let z(l) = -3*l + 3. Let d(f) = -2*f + 1. Let a(y) = u*z(y) - 5*d(y). Calculate a(5).
9
Let c(u) be the third derivative of -u**6/120 - u**5/12 - u**4/6 + u**3/2 - 36*u**2. Give c(-4).
3
Let n(i) = i**3 - i + 11. Let h(d) = -3*d**3 - 10*d**2 + 9. Let f be h(-3). Give n(f).
11
Suppose -15 = -5*x - 0. Suppose -4*m + x*u + 10 = 2, m - 4*u - 2 = 0. Let q(k) = -5*k + 0*k - 5 + k**m - 1. Give q(6).
0
Let u(p) = 5*p - 8 - 2*p**3 + 4*p**2 + p**3 + 2*p**2. Suppose -42 = -95*j + 89*j. Calculate u(j).
-22
Let j(d) be the second derivative of -1/6*d**3 + 7*d + 0*d**2 + 0. What is j(-5)?
5
Let t(m) = -m**2 + 2*m + 3. Let h be t(3). Let x(s) = 8 + h*s**3 + 12*s - 2*s**3 - 8*s**2 + 3*s**3 - 3*s. Determine x(7).
22
Let n(j) = -j. Let s(w) = 3*w - 2. Let t(a) = 4*n(a) + s(a). Let v = 22 - 17. Suppose -v*f + 32 = 62. What is t(f)?
4
Suppose 0 = 2*c - 10*c + 72. Let i(z) = -5*z - 5*z**2 + 2 + z**3 - 6*z**2 + c*z**2 - z**2. Determine i(4).
-2
Let o be (-1)/((-1)/(-1)) - -2. Let t(i) = -2*i + i**2 - 10*i**3 + 23 + 28 - 50 + 3*i**3. Calculate t(o).
-7
Let y(v) = 4*v - 6. Let i(p) be the third derivative of -3*p**4/8 + 2*p**3 - 12*p**2. Let m(u) = 3*i(u) + 7*y(u). Determine m(5).
-1
Suppose -2*p = 0, 2*d - 5*p - 42 = d. Let n = 35 - d. Let b(t) = -t**2 + 7 + 12*t - 17*t + 5 - 2. What is b(n)?
-4
Let y(g) = -2*g - 45. Let k be y(-22). Let b be 1*k*(-31 - -26). Let u(t) = -t + 2 - 2*t + t + t. Give u(b).
-3
Let a be 6/(6*3/18). Let m(x) = x**2 - 7*x + 9. Calculate m(a).
3
Let j(q) be the third derivative of q**5/60 + 5*q**4/24 + q**3/6 - 64*q**2. Suppose 7 = -3*x - 5. Calculate j(x).
-3
Let i(w) = -9. Let o(c) = -c + 13. Let a(h) = 5*i(h) + 5*o(h). Give a(4).
0
Let u be (11 - 2)/((-7)/(-105)). Let q be 56/9 - 30/u. Let w(d) = d**3 - 6*d**2 + 2*d - 1. Determine w(q).
11
Let z(b) = b**3 + 9*b**2 - 25*b - 11. Let f(l) = 2*l**3 + 16*l**2 - 53*l - 21. Let n(d) = -3*f(d) + 7*z(d). Calculate n(-16).
-14
Let x(b) be the second derivative of b**4/3 - b**3/6 + b**2/2 + 2*b - 29. Calculate x(1).
4
Suppose 48 + 16 = 2*i. Suppose j + 1 = 4*g, -2*g + 0*g = 4*j - i. Let v(t) = -t**3 + 6*t**2 + 6*t. What is v(j)?
-7
Let p(a) = a**2 - 25*a + 29. Let l be 7/(-49)*0 + 23. Give p(l).
-17
Let b(l) = 5*l - 39. Let r(v) = -v**3 + v**2 + 2*v + 1. Let w be r(-2). Let y be b(w). Let d(g) = g**3 - 7*g**2 + 7*g. Determine d(y).
6
Let n(t) = t**2 - 7*t + 2. Let j be n(7). Suppose -5*v = -j*v - 6. Let y(o) = o**2 + 2*o - 3. Calculate y(v).
5
Let v(o) = o**3 + 2*o**2 - 5*o - 1. Suppose 13*h - 17*h - 4 = 0. Let f(l) = l**2 + l + 1. Let s(b) = h*v(b) - f(b). Give s(-4).
0
Suppose 0*m - 3*m + 15 = 0. Let h = 14 + m. Let o be 2/(-4)*(-7 + h). Let u(d) = -d**2 - 6*d + 2. Determine u(o).
2
Suppose -24*x + 19*x + 18 = -3*p, 3*p = 12. Let a(f) be the first derivative of -3*f**2/2 + 9*f - 2. Determine a(x).
-9
Suppose 9 = 5*v - 1. Let c be (-4)/14 + v/7. Suppose c*t = -t + 1. Let r(i) = 7*i**3 + 2*i - 1. What is r(t)?
8
Let y be -1*(0 - 1)*5. Let z = 2 + y. Suppose -5*x = 5*h + 25, -2*h - x = 3 + z. Let d(p) = -p**3 - 6*p**2 - 7*p - 5. Determine d(h).
5
Let u(b) = -2*b + 1. Let r be u(-1). Suppose -3*y = 4*n - n + r, -5*y - 7 = 4*n. Let a(k) = k + 2 - 3 - k**3 - 3*k**n + 1. What is a(-3)?
-3
Let w(a) be the third derivative of a**6/120 + a**5/6 + 3*a**4/8 - 2*a**3 + 4*a**2 - 2. Determine w(-9).
-12
Let u(n) = 5*n**3 - 15*n**2 + 6*n - 1. Let v(k) = -9*k**3 + 29*k**2 - 10*k + 2. Let i(t) = 11*u(t) + 6*v(t). Calculate i(-8).
17
Let f(u) be the first derivative of -u**4/4 - u**3 - u**2/2 + 4*u + 4. Suppose -2*j = 3*x - 3*j + 9, x + 4*j = -3. Determine f(x).
7
Let b = -2 + 6. Let j(i) = i + 5. Let o(t) = -10*t - 36. Let y(f) = 8*j(f) + o(f). Calculate y(b).
-4
Let a(t) = 3*t + 1. Let n(x) = -13*x - 13. Let b(c) = 4*a(c) + n(c). Suppose 4*d = 5*z - d + 45, -4*d = z - 11. Give b(z).
-4
Suppose -3*u = -0*u + 3. Let j(h) = -18*h**3 + 13*h**2 + 4. Suppose q + 28 = -3*q. Let w(z) = -12*z**3 + 9*z**2 + 3. Let c(k) = q*w(k) + 5*j(k). Determine c(u).
7
Let r(m) = 2*m - 1. Let o = 1 + 0. Suppose s = 2*h - 3, 3*h = -2*s - 2*s - o. Let n(f) = -f**2 - 3*f - 1. Let v be n(s). Determine r(v).
1
Suppose -128 = -5*s + 77. Let p = s - 37. Let i(c) = c**3 - 4*c**2 - 3*c + 4. Give i(p).
-8
Suppose -72*g + 48 = -60*g. Let i(y) be the second derivative of -y + y**2 + 1/4*y**4 + 2/3*y**3 - 1/20*y**5 + 0. Give i(g).
2
Let q(i) = 238*i**3 - 1 + 6 - 3*i**2 - 239*i**3 + 2*i. Determine q(-4).
13
Let g = -10 - -8. Let q(h) = -13*h - 4. Let p(o) = 4*o + 1. Let c(z) = g*q(z) - 7*p(z). Let n(s) = s. Let y(m) = 2*c(m) + 2*n(m). Determine y(4).
-6
Let i = 100 - 65. Suppose -2*r + 2*t + t - 27 = 0, 5*r = t - i. Let p(l) be the second derivative of l**4/12 + 7*l**3/6 + 3*l**2 - 4*l. Calculate p(r).
0
Let x(q) = -q**2 + 5*q. Let u be x(3). Let s(y) = y - 4*y - y + 3 + 24. Let d(v) = -2*v + 13. Let b(f) = 9*d(f) - 4*s(f). What is b(u)?
-3
Let j(c) = -2*c - 3. Let s(v) = 3*v + 6. Suppose 2*r - 3*u + 1 = 0, r + 2*u + 8 = -3. Let z(m) = r*j(m) - 3*s(m). Determine z(6).
3
Let g(a) be the first derivative of -7*a**4/4 - a - 52. Let s(b) = b**3 - 6*b**2 + 4*b + 4. Let k be s(5). Calculate g(k).
6
Let i(s) = s**2 + 3*s - 1. Suppose v + 4 = -3*t, -t = 4*v + 8 - 47. Suppose -v = -0*p + p + 3*j, -2*p + 2*j - 6 = 0. What is i(p)?
9
Let q = -81 + 67. Let u be 4/6*(-63)/q. Let k(r) = 2*r. What is k(u)?
6
Let z(d) = -12*d - 135 + 18*d + d**2 + 140. Calculate z(-5).
0
Let i(n) = 11*n**2 + 10*n - 9. Let t(c) = 3*c**2 + c - 1. Let r(o) = i(o) - 4*t(o). Calculate r(6).
-5
Let u(o) be the third derivative of o**4/24 + o**3/6 - 24*o**2. Let a be (3 - 6) + 2 + 4. Determine u(a).
4
Let z(g) = 16*g**2 - 2*g + 3. Let x be z(1). Suppose 3*p + x - 2 = 0. Let r(l) = -2*l - 4. Determine r(p).
6
Suppose 5*t - 24 = -9. Let r(c) be the third derivative of -c**5/60 + c**4/8 - c**3/2 + 8*c**2. What is r(t)?
-3
Let s(r) = -2*r**2 - 12*r + 27. Let p(x) = -x**2 - 6*x + 13. Let v(m) = -9*p(m) + 4*s(m). Let f